 = 2*t + 12. Let k = t + 24. Calculate the greatest common factor of 6 and k.
6
Suppose -17 = -2*g + 13. Suppose -h - 2*m - 15 = 0, 75 = -3*h - 2*h - 2*m. Let f be (-2256)/h - (-8)/(-20). What is the highest common factor of f and g?
15
Let h be (-18)/4*(-2)/3. Suppose -f + 1 + 8 = -2*m, 5*f + 4*m - h = 0. Let v be (2 - 26/f)*-15. What is the greatest common factor of 25 and v?
25
Let m be 6 - (4/(-2))/1. Suppose 8*v - 3*v + 5*q = 385, -5*v + 345 = -3*q. Calculate the highest common divisor of v and m.
8
Let x(c) = 4*c - 12. Let i be x(8). What is the greatest common factor of 5 and i?
5
Let x = -30 + 34. What is the greatest common factor of 16 and x?
4
Suppose 3*b + 5 = 20. Suppose 32 = v + 2*x, 5*x + 0*x = -b*v + 150. Calculate the highest common factor of 7 and v.
7
Let w(k) = 3*k + 4 + 3*k - 5*k. Suppose -9*h + 20 = -25. Let y be w(h). Calculate the greatest common factor of y and 45.
9
Suppose -4*u + 142 = 2*p - 24, 0 = 4*p - 5*u - 293. Let q = 3 + 4. Calculate the highest common factor of p and q.
7
Let o(w) = 13*w - 57. Let h be o(23). What is the greatest common factor of h and 22?
22
Suppose -16 = u - 3*u + 5*a, 3*u - 3*a = 24. Let l be (14/(-4))/((-4)/u). Calculate the greatest common factor of l and 35.
7
Let w(o) = 5*o - 3. Let n(b) = b + 1. Let f(h) = -3*n(h) + w(h). Let m be f(4). Let u be m + (0 - (-12 + 1)). Calculate the highest common divisor of u and 117.
13
Let r be (-110)/(-2)*26/65. Suppose 2*l - 35 = -p + 12, -r = -l - 2*p. What is the highest common factor of l and 12?
12
Let o = 0 + -3. Let k be o - -3 - 34*-1. Suppose 0 = 5*j - 56 - k. Calculate the greatest common divisor of 198 and j.
18
Let f be 368/12*3/2. Let m = f + -24. What is the greatest common factor of 2 and m?
2
Let c(l) = -11*l**3 - 2*l**2 - l. Let s be c(-1). Let g be (4*1)/(5/s). What is the highest common divisor of 4 and g?
4
Let y = 244 - 174. Let p(h) = 3*h**2 - 12*h + 10. Let q be p(4). Calculate the greatest common divisor of y and q.
10
Suppose 4*i - 4 = 60. What is the highest common factor of 4 and i?
4
Let c = 1 + -1. Suppose 0 = 3*t - 4*x - 29, -t + 23 = -0*x + 2*x. Suppose -3 = z - c, g = 3*z + t. Calculate the highest common divisor of 24 and g.
6
Suppose -6*u + 4 + 44 = 0. Calculate the highest common divisor of 6 and u.
2
Let i = 218 + -201. Calculate the greatest common divisor of i and 425.
17
Suppose -377 = -5*w - 2*j, -w = -2*j - j - 72. What is the highest common divisor of w and 15?
15
Suppose -3*u - b + 105 = -0*b, 2*b = 0. What is the greatest common divisor of u and 5?
5
Let x = -12 + 25. What is the greatest common divisor of 78 and x?
13
Suppose -3*r - 38 = -5*r. Let z(n) = -n**3 + 7*n**2 - 2*n - 2. Let y be z(5). Calculate the highest common divisor of r and y.
19
Suppose -4 = -2*j - 2*o, -j = -o + 5*o + 7. Suppose -j = 5*s, 4*y + 0*y - 2*s - 46 = 0. What is the highest common factor of y and 77?
11
Let a(q) = -q**3 + 9*q**2 - 8*q + 8. Let b be a(8). Let g = -2 + b. Suppose -13 = u + 5*m, 0 = -3*m - g - 3. What is the highest common divisor of u and 5?
1
Let k(g) = g**3 + 13*g**2 - 2*g - 13. Let w be k(-13). Calculate the greatest common factor of 65 and w.
13
Let i be (-24)/((-6)/4 + 3). Let n be 130/8 - (-4)/i. What is the greatest common divisor of 32 and n?
16
Suppose 0 = w + 5*p - 70, 3*w = 4*w - 2*p - 91. Let c(g) = -g**3 + 4*g**2 + 4*g + 1. Let v be c(4). What is the highest common divisor of w and v?
17
Suppose 3*n - 1593 = -4*l, 1 = n - 2. Suppose 2*q + 2*q = -l. Let v be (q/4)/((-7)/28). What is the highest common factor of 11 and v?
11
Suppose -4*n = -4*d - 11 - 9, -5*d = -2*n + 19. Suppose -2*k - n*k = -448. What is the greatest common divisor of k and 14?
14
Suppose 2*h = 3*h - 36. Suppose 0*z + 24 = b - 3*z, 3*b + 5*z - 72 = 0. What is the greatest common divisor of b and h?
12
Let r = 9 + -5. Suppose o - 20 = 12. What is the greatest common divisor of r and o?
4
Let c(d) = -7*d + 1. Let w(p) = 6*p - 1. Let b(y) = -5*c(y) - 6*w(y). Let j be b(0). What is the greatest common factor of 3 and j?
1
Let l(n) = n - 3. Let q be l(7). Let p(b) = 2*b**3 - 2*b**2 + 2*b + 4. Let h be p(q). Suppose 4*f - h = 12. Calculate the greatest common divisor of f and 45.
15
Suppose -6 = -4*h + 58. What is the highest common factor of h and 24?
8
Let p = -15 - -19. Suppose -p*m + 17 = -2*u - 5, u = -3. Calculate the highest common factor of 40 and m.
4
Let l be (-11)/5 + (-6)/(-30). Let d(x) = 55*x**3 + 2*x**2 - 1. Let k be d(l). Let c = k - -664. What is the greatest common factor of c and 21?
21
Suppose m = -0*m + 24. Let f be -4*1/6*3. Let x(d) = 3*d**2 - 3*d - 2. Let j be x(f). Calculate the highest common factor of m and j.
8
Let o be (1 - -1)*(-6)/(-4). Suppose o*p = 4*p - 18. Calculate the greatest common factor of 36 and p.
18
Suppose 0 = -5*r + y - 26, -3*y + 9 = -r + 1. Let h be ((-4)/(-2))/((-4)/18). Let x = r - h. Calculate the greatest common factor of 2 and x.
2
Let x(h) = -h**2 + 11*h + 5. Let w be x(8). Let n = w - 17. Calculate the highest common divisor of 12 and n.
12
Suppose -k - f = -32, f + 106 = 3*k + 14. Suppose 4*u - 19 = 4*c + 37, 0 = 2*u - 3*c - k. What is the greatest common factor of u and 99?
11
Let k = -74 - -36. Let s = 56 + k. Calculate the greatest common factor of s and 2.
2
Let m(q) = 6*q**2 + 4*q + 4. Let d be m(-1). What is the highest common divisor of 2 and d?
2
Let m(k) = -4 - 3 + 5 + 6*k + 1. Let q be m(1). Calculate the greatest common divisor of q and 25.
5
Suppose -6*z + 3*z - 2*o = 21, 2*o + 28 = -4*z. Let u = z - -17. What is the highest common divisor of 110 and u?
10
Suppose 0*p = -2*p + 8. Suppose p*t - 20 = 24. Let y be (-598)/(-6) - (-6)/(-9). Calculate the highest common divisor of y and t.
11
Suppose -4*v - 2*i + 8 = -22, 5*v + 5*i = 30. What is the greatest common factor of 153 and v?
9
Suppose -y + 2*j + 28 = y, -5*y - 3*j + 86 = 0. Calculate the greatest common divisor of y and 112.
16
Let k = 111 - 24. Suppose 3*w - g = k, 4*g = -21 + 9. Let n(a) = -2*a - 1. Let p be n(-4). What is the highest common factor of p and w?
7
Let t = 2 + -4. Let p = 6 + t. Suppose p*q = q + 51. Calculate the highest common factor of q and 85.
17
Suppose -g - 2*g + 39 = 0. Let t be (104/(-6))/(36/(-54)). Calculate the highest common factor of t and g.
13
Let z(h) = -4*h - 1. Let u = 5 + -2. Suppose -n + 4*n + u = 0. Let a be z(n). Calculate the greatest common divisor of a and 2.
1
Let d(m) = 2*m**2 + 4*m - 4. Let r be d(-6). What is the highest common factor of r and 22?
22
Let b = -3 - -11. Suppose 0 = -5*v - 10 - 0. Let c = v + b. Calculate the highest common divisor of 54 and c.
6
Let u = 13 + -4. Let j = 0 + u. Calculate the highest common divisor of 36 and j.
9
Let a be (-33)/(-4) - (-1)/(-4). Calculate the highest common divisor of 40 and a.
8
Suppose -172 = -5*y - 4*l, 3*l - 5 = -2*y + 68. Suppose 3*w - y = 28. Calculate the highest common divisor of w and 140.
20
Let g be (1 + -1)*-1 + 4. Suppose g*m + m = 30. Let r be m/(-9)*(-3 + 0). Calculate the highest common factor of r and 5.
1
Let w(p) = p**3 + 9*p**2 - 10. Let k be w(-9). Let c be (4/k)/((-18)/810). What is the greatest common factor of 45 and c?
9
Let s(w) = -2*w**2 + 8*w + 13. Let o be s(5). What is the highest common divisor of o and 24?
3
Let n = -34 - -41. Calculate the greatest common divisor of n and 7.
7
Let g be 2 - 3 - (0 + -253). What is the greatest common divisor of g and 36?
36
Suppose 2*k - 39 = -w, -5*k - 4*w + 3*w = -102. Calculate the greatest common factor of 6 and k.
3
Let n be 4/1 - (1 - 2). Suppose 0 = -19*w + 23*w - 4. Calculate the highest common factor of w and n.
1
Let b be 2944/28 - 20/140. Let u = 1 + 14. Calculate the greatest common factor of u and b.
15
Suppose -5*b = -s + 40, 2 + 0 = b. Let h be 406/21 + 3/((-18)/(-4)). Calculate the greatest common divisor of h and s.
10
Let b(p) = 17*p + 4. Let r be b(3). What is the greatest common divisor of r and 5?
5
Suppose -11 - 5 = -4*u. Suppose 3*p + u*g - 41 = -2*p, 3*g = 4*p - 8. Calculate the highest common divisor of 15 and p.
5
Suppose 3*i = 2*g + 7, 0 = 3*g - 0*g + 6. Let s be (-6 + -3)*(i + -2). What is the greatest common divisor of s and 81?
9
Let z = 12 - -43. Suppose -37*r + 803 + 11 = 0. What is the greatest common factor of z and r?
11
Le